der when 1151 is divided by 16.
15
Calculate the remainder when 37 is divided by 26.
11
Calculate the remainder when 11039 is divided by 92.
91
Calculate the remainder when 253 is divided by 39.
19
What is the remainder when 96 is divided by 14?
12
What is the remainder when 630 is divided by 132?
102
Calculate the remainder when 702 is divided by 44.
42
Calculate the remainder when 4173 is divided by 58.
55
What is the remainder when 39 is divided by 10?
9
What is the remainder when 23284 is divided by 29?
26
What is the remainder when 4084 is divided by 37?
14
Calculate the remainder when 121 is divided by 25.
21
Calculate the remainder when 198 is divided by 32.
6
Calculate the remainder when 3026 is divided by 372.
50
Calculate the remainder when 661 is divided by 153.
49
What is the remainder when 1025 is divided by 57?
56
What is the remainder when 770 is divided by 97?
91
What is the remainder when 1534 is divided by 103?
92
What is the remainder when 237 is divided by 226?
11
Calculate the remainder when 313 is divided by 64.
57
Calculate the remainder when 1127 is divided by 124.
11
Calculate the remainder when 124 is divided by 7.
5
What is the remainder when 618 is divided by 219?
180
What is the remainder when 207 is divided by 47?
19
What is the remainder when 95 is divided by 23?
3
Calculate the remainder when 33 is divided by 16.
1
Calculate the remainder when 318 is divided by 5.
3
What is the remainder when 431 is divided by 16?
15
What is the remainder when 8783 is divided by 7?
5
What is the remainder when 15298 is divided by 2?
0
Calculate the remainder when 9346 is divided by 114.
112
What is the remainder when 77 is divided by 13?
12
Calculate the remainder when 62 is divided by 32.
30
What is the remainder when 753 is divided by 28?
25
What is the remainder when 12177 is divided by 6086?
5
Calculate the remainder when 43 is divided by 4.
3
What is the remainder when 118 is divided by 62?
56
What is the remainder when 61497 is divided by 50?
47
What is the remainder when 2655 is divided by 293?
18
What is the remainder when 111 is divided by 71?
40
What is the remainder when 2921 is divided by 4?
1
What is the remainder when 1526 is divided by 257?
241
What is the remainder when 2077 is divided by 40?
37
What is the remainder when 53 is divided by 22?
9
Calculate the remainder when 104 is divided by 62.
42
What is the remainder when 108 is divided by 63?
45
Calculate the remainder when 100 is divided by 7.
2
What is the remainder when 1538 is divided by 28?
26
Calculate the remainder when 509 is divided by 18.
5
Calculate the remainder when 5347 is divided by 10.
7
What is the remainder when 151 is divided by 13?
8
What is the remainder when 138 is divided by 38?
24
Calculate the remainder when 8815 is divided by 4398.
19
Calculate the remainder when 1213 is divided by 109.
14
Calculate the remainder when 309 is divided by 48.
21
Calculate the remainder when 256 is divided by 82.
10
Calculate the remainder when 998 is divided by 63.
53
What is the remainder when 7543 is divided by 164?
163
Calculate the remainder when 607 is divided by 145.
27
What is the remainder when 5838 is divided by 146?
144
Calculate the remainder when 69 is divided by 61.
8
Calculate the remainder when 131 is divided by 55.
21
What is the remainder when 15967 is divided by 16?
15
What is the remainder when 304 is divided by 14?
10
Calculate the remainder when 77 is divided by 43.
34
What is the remainder when 1628 is divided by 96?
92
Calculate the remainder when 1026 is divided by 147.
144
Calculate the remainder when 131 is divided by 27.
23
What is the remainder when 553 is divided by 192?
169
What is the remainder when 394 is divided by 17?
3
What is the remainder when 3799 is divided by 38?
37
Calculate the remainder when 396 is divided by 50.
46
Calculate the remainder when 37 is divided by 18.
1
Calculate the remainder when 975 is divided by 324.
3
Calculate the remainder when 1374 is divided by 7.
2
Calculate the remainder when 1631 is divided by 68.
67
Calculate the remainder when 1164 is divided by 11.
9
What is the remainder when 938 is divided by 11?
3
What is the remainder when 461 is divided by 412?
49
What is the remainder when 948 is divided by 13?
12
What is the remainder when 2192 is divided by 22?
14
What is the remainder when 135 is divided by 46?
43
Calculate the remainder when 1005 is divided by 72.
69
Calculate the remainder when 78 is divided by 19.
2
Calculate the remainder when 39 is divided by 8.
7
What is the remainder when 1796 is divided by 200?
196
Calculate the remainder when 268 is divided by 39.
34
Calculate the remainder when 1006 is divided by 317.
55
What is the remainder when 1243 is divided by 244?
23
Calculate the remainder when 263 is divided by 40.
23
Calculate the remainder when 235 is divided by 226.
9
Calculate the remainder when 330 is divided by 55.
0
What is the remainder when 198 is divided by 50?
48
What is the remainder when 1567 is divided by 300?
67
Calculate the remainder when 172 is divided by 46.
34
Calculate the remainder when 677 is divided by 135.
2
What is the remainder when 5681 is divided by 28?
25
Calculate the remainder when 666 is divided by 84.
78
What is the remainder when 1002 is divided by 41?
18
What is the remainder when 37365 is divided by 157?
156
Calculate the remainder when 5397 is divided by 135.
132
Calculate the remainder when 458 is divided by 16.
10
Calculate the remainder when 26 is divided by 4.
2
What is the remainder when 1350 is divided by 120?
30
Calculate the remainder when 10525 is divided by 2631.
1
What is the remainder when 1470 is divided by 32?
30
What is the remainder when 145 is divided by 12?
1
What is the remainder when 114 is divided by 39?
36
Calculate the remainder when 87 is divided by 85.
2
Calculate the remainder when 9135 is divided by 16.
15
What is the remainder when 121 is divided by 45?
31
What is the remainder when 95 is divided by 4?
3
Calculate the remainder when 3105 is divided by 8.
1
What is the remainder when 1932 is divided by 24?
12
What is the remainder when 730 is divided by 38?
8
What is the remainder when 149 is divided by 10?
9
What is the remainder when 856 is divided by 809?
47
Calculate the remainder when 288 is divided by 139.
10
What is the remainder when 95 is divided by 48?
47
Calculate the remainder when 2943 is divided by 92.
91
What is the remainder when 167 is divided by 76?
15
What is the remainder when 42 is divided by 41?
1
What is the remainder when 175 is divided by 10?
5
What is the remainder when 298 is divided by 16?
10
Calculate the remainder when 2047 is divided by 13.
6
Calculate the remainder when 223 is divided by 16.
15
What is the remainder when 565 is divided by 311?
254
What is the remainder when 204 is divided by 41?
40
What is the remainder when 130 is divided by 60?
10
Calculate the remainder when 217 is divided by 16.
9
Calculate the remainder when 217 is divided by 78.
61
What is the remainder when 7679 is divided by 160?
159
Calculate the remainder when 821 is divided by 8.
5
What is the remainder when 2573 is divided by 161?
158
What is the remainder when 374 is divided by 36?
14
What is the remainder when 1564 is divided by 190?
44
What is the remainder when 190 is divided by 32?
30
What is the remainder when 459 is divided by 156?
147
Calculate the remainder when 130 is divided by 24.
10
What is the remainder when 1336 is divided by 17?
10
What is the remainder when 140 is divided by 16?
12
Calculate the remainder when 670 is divided by 59.
21
What is the remainder when 2449 is divided by 82?
71
Calculate the remainder when 391 is divided by 49.
48
Calculate the remainder when 890 is divided by 22.
10
Calculate the remainder when 112 is divided by 6.
4
Calculate the remainder when 186 is divided by 128.
58
What is the remainder when 484 is divided by 33?
22
What is the remainder when 655 is divided by 29?
17
What is the remainder when 494 is divided by 33?
32
What is the remainder when 68 is divided by 18?
14
What is the remainder when 1036 is divided by 211?
192
What is the remainder when 5565 is divided by 58?
55
What is the remainder when 10013 is divided by 233?
227
What is the rema